 when l is divided by 17.
15
Let z(b) = 4*b**2 + 4*b - 3. Let a(n) = 213*n - 1361. Calculate the remainder when a(7) is divided by z(-4).
40
Let d be (-2 + 2 + -4)*2. Let a = 14 + 3. Let r = a + d. Calculate the remainder when r is divided by 4.
1
Let r(y) be the second derivative of -y**4/12 - 13*y**3/6 - 3*y**2/2 - 4*y. Calculate the remainder when 97 is divided by r(-9).
31
Let n = -598 + 641. Suppose 4*p - 3*q - 63 = p, -3*q = 5*p - 113. Calculate the remainder when n is divided by p.
21
Suppose 2*o = 5*d - 366, -2*d - 2*o + 183 = 31. What is the remainder when 77 is divided by d?
3
Suppose -3*d + 468 = 3*m, 20*d - 5*m - 436 = 17*d. What is the remainder when d is divided by 39?
35
Suppose -2*b + m + 140 = 0, 2*m - 66 = 5*b - 414. What is the remainder when 267 is divided by b?
63
Let a = 216 + -186. What is the remainder when 87 is divided by a?
27
What is the remainder when 1812 is divided by 10/4*(0/5 + 6)?
12
Suppose 2*d - 91 = -3*q, -d + 45 = -5*q + 175. Suppose 31*j - 12 = q*j. Calculate the remainder when 7 is divided by j.
1
Let s be 340/(-6) + (-8)/(-12). Let c = s + 104. What is the remainder when c is divided by 13?
9
Suppose -126*z + 570 = -121*z. Calculate the remainder when z is divided by 58.
56
Let k(t) = -t**3 + 5*t**2 + 3*t + 36. Calculate the remainder when 121 is divided by k(6).
13
Let t(h) = -6*h. Suppose -2*u = z - 5 - 51, -u + 4*z = -19. Calculate the remainder when u is divided by t(-3).
9
Let p = 471 - 320. Suppose 4*z + t = 183, 3*z - 2*t + 0*t - p = 0. What is the remainder when z is divided by 17?
13
Let k be (-2)/(-9) + 752/18. Let r(v) = 2*v + 4. Let l be r(6). Let z = k - l. Calculate the remainder when z is divided by 7.
5
Suppose -3 = -2*b + 1. Calculate the remainder when 37 is divided by b + 9 + 2 + 0.
11
Suppose 0 = -31*j + 37*j - 738. What is the remainder when j is divided by 23?
8
Let j(h) = -239*h**3 - 2*h**2 + 2*h + 3. Calculate the remainder when j(-1) is divided by 11.
7
Suppose -3*f + 1019 = u, -5*f + 17*u + 1725 = 12*u. What is the remainder when f is divided by 57?
56
Suppose 2*d = -4*p + 52, p + 5*d - 2 = 11. Suppose 2*k + 0*k - 248 = 0. Suppose 0*q - 2*q = -k. Calculate the remainder when q is divided by p.
10
What is the remainder when (30/8)/(9*2/336) is divided by 18?
16
Let h(o) = -o**3 - 31*o**2 - 61*o - 46. What is the remainder when h(-29) is divided by 9?
5
Suppose 1962 - 144 = 6*q. Suppose 55 = -4*i + q. What is the remainder when i is divided by 17?
11
Suppose -2*b = -2*l - 56, -l = 4*b + 11 - 148. Calculate the remainder when b is divided by 5.
3
Suppose -2*x = -18*x + 304. What is the remainder when 35 is divided by x?
16
Let g(a) = -13*a + 592. Calculate the remainder when 219 is divided by g(44).
19
Let d be ((-2)/6)/(-1)*(6 - -15). Suppose 208 = 9*w + d*w. What is the remainder when 47 is divided by w?
8
Suppose 2*g + g = 0. Suppose 0 = 2*x - 0*f - 3*f - 23, g = -4*x - 4*f + 16. Suppose x*v = 5*v + 52. What is the remainder when 102 is divided by v?
24
Suppose 5*r + 2*p = -25, 0 = -r - 3*r - 2*p - 22. Calculate the remainder when 7 is divided by 6/((r/(-2))/1).
3
Suppose 0 = -2*f - 3*f - 195. Let u = 198 + f. What is the remainder when u is divided by 32?
31
What is the remainder when 14 is divided by ((-18)/(-8))/(66/88)?
2
Suppose 3731 = 9*y + 1418. What is the remainder when y is divided by 9?
5
Suppose -954*x = -951*x - 462. What is the remainder when x is divided by 16?
10
Let s be 2*1*2/(-4). What is the remainder when (-6)/s*(-200)/(-30) is divided by 21?
19
Suppose 0 = 23*q - 19*q. Suppose 3*k + q*t - 378 = -3*t, -378 = -3*k - 2*t. Suppose 7*b = 9*b - k. What is the remainder when b is divided by 33?
30
Let z(c) = c**2 + 2*c - 14. Let n be z(6). What is the remainder when 7 is divided by n/8 - ((-28)/16 + 2)?
3
Let u = 16 - -28. Calculate the remainder when u/66*138/4 is divided by 8.
7
Suppose -4*g - 67 = x, 244 = 5*x - 4*g + 651. Let k = x - -111. Let o(u) = -u**3 + 6*u**2 - 4*u + 3. What is the remainder when k is divided by o(2)?
10
Let h be (-66)/44*94/(-3). Suppose -2*a = -3*d + 67, 3*d + 3*a - a = h. What is the remainder when 51 is divided by d?
13
Let u(d) = 5*d + 33. Calculate the remainder when u(0) is divided by 15.
3
Let r(i) = 6*i + 26. Calculate the remainder when 38 is divided by r(-1).
18
Let j(l) = -11*l**2 + 136*l - 34. Calculate the remainder when 596 is divided by j(12).
8
Let k(v) = -47*v**2 - 27 - 45*v**2 + 14*v + 93*v**2. Calculate the remainder when 91 is divided by k(-17).
19
Suppose -l - 4*f + 28 = -39, -f = -4*l + 183. What is the remainder when 181 is divided by l?
40
Let p(t) = t**2 - 5*t. Let o be p(5). Let c be (-134)/26 - -1 - 2/(-13). Let r = o - c. Calculate the remainder when 11 is divided by r.
3
Let c(s) = 2*s - 15. Let q be c(10). Let i(x) = x**2 - 3*x. Let h be i(q). Let t(p) = p**3 - 10*p**2 + p + 10. What is the remainder when 57 is divided by t(h)?
17
Suppose 7*d = f + 3*d - 9, -3*d = 2*f + 37. Let q(i) = -5*i - 32. What is the remainder when 87 is divided by q(f)?
18
Suppose -5*l = -2*l - 312. Let s = l + -75. Calculate the remainder when 76 is divided by s.
18
Calculate the remainder when 266*9/18*1 is divided by 30.
13
Let b(n) be the second derivative of n**4/12 - n**3/3 - 3*n**2/2 - 6*n. Let t be b(-2). Let f = t + -3. What is the remainder when f is divided by 2?
0
Suppose -20*x + 116 + 564 = 0. Calculate the remainder when 42 is divided by x.
8
Suppose 5*p = -4*q + 4, 4*p - 2*p - 24 = 4*q. Suppose -5*x + 20 = 0, -h - 10 = -p*h + 2*x. Calculate the remainder when (-510)/(-18) - 2/6 is divided by h.
4
Let q(h) = -19*h**2 - 4*h + 6. Let y be q(5). Suppose 2*m + 32 = 28, 4*v - 4*m = 64. What is the remainder when 2/(-6) - y/9 is divided by v?
12
Suppose 863 = 28*c - 621. Calculate the remainder when 94 is divided by c.
41
Suppose 4*o = n + 3*n, 0 = -4*n - 3*o + 35. Suppose n*k - 14 = 11. Let y = 27 - k. What is the remainder when 65 is divided by y?
21
Suppose -28*h + 506 = -5*h. What is the remainder when 61 is divided by h?
17
Let k(v) = -v. Let n be k(4). Let y = 19 + n. What is the remainder when 43 is divided by y?
13
Let x(p) = -5*p - 9. Let i be ((-64)/(-12) - 4)*3. Suppose -2*a = -i*w + 6, 20 = -5*a + 4*w + w. What is the remainder when 47 is divided by x(a)?
15
Let c(l) = 6*l**2 - 2*l - 1. Let t = 18 + -10. Calculate the remainder when c(-2) is divided by 15/(-1 - t/(-4)).
12
Let n(t) = 31*t - 130. Calculate the remainder when n(7) is divided by 34.
19
Suppose o = n + 58, -3*n - 10 = -4*o + 226. What is the remainder when o is divided by 22?
18
Let j(i) = i - 10*i - 2*i**2 + 6*i + 4 + 8*i**3. Suppose 0*w = -5*w + 15. Calculate the remainder when j(1) is divided by w.
1
Suppose 15*q = 33*q - 10260. Calculate the remainder when q is divided by 44.
42
Suppose 60 = -73*q + 77*q. What is the remainder when 809 is divided by q?
14
Suppose f - 7*f + 72 = 0. Let u(t) = -f + t**3 + t**2 - 7*t**2 + 3 + 2*t**2 + 5*t. What is the remainder when u(6) is divided by 24?
21
Let s(v) = -26*v - 1. Let k = 19 - 20. Calculate the remainder when s(k) is divided by 8.
1
Let r(a) = -a + 10. Let v be r(9). Suppose v + 1 = 2*d. What is the remainder when 20/(-12)*(-3)/1 is divided by d?
0
Let z be 3/1*(-176)/(-6). Let v = z + -60. Calculate the remainder when 69 is divided by v.
13
Suppose 3948 = -42*i + 46*i + 4*y, -4*i = -3*y - 3941. What is the remainder when i is divided by 9?
5
Suppose o - 127 = -2*r, o - 2 = 3. Suppose 0 = -2*g, -g = 4*u - 2*g - 36. Calculate the remainder when r is divided by u.
7
Let l = 99 - 38. Suppose -28 = 4*p - 4*v, 2*v = 5*p - 8*p + 4. Calculate the remainder when l is divided by (1/p)/((-15)/930).
30
What is the remainder when 335 is divided by (-190)/(-8) - (-23)/92?
23
Let h(y) = -y**3 - y**2 + 2*y + 2. Let j be h(0). Suppose 0 = 3*u, 2*n - 190 = -0*n + j*u. What is the remainder when n is divided by 24?
23
What is the remainder when (30060/(-72))/((-10)/16) is divided by 12?
8
Suppose 4*u = l - 46, -4 = -2*u - 2*u. Suppose -x = 4*v - 3*x + 50, 5*x = 15. Let y = v + l. Calculate the remainder when y is divided by 14.
11
Suppose k + x = 689, 2*k - 3*x = -x + 1362. What is the remainder when k/5*(2 - 1) is divided by 6?
5
Calculate the remainder when 221 - (6/(-33) - (-70)/22) is divided by 52.
10
Suppo